[INFO] cloning repository https://github.com/frondeus/AES-Bruteforce
[INFO] running `Command { std: "git" "-c" "credential.helper=" "-c" "credential.helper=/workspace/cargo-home/bin/git-credential-null" "clone" "--bare" "https://github.com/frondeus/AES-Bruteforce" "/workspace/cache/git-repos/https%3A%2F%2Fgithub.com%2Ffrondeus%2FAES-Bruteforce", kill_on_drop: false }`
[INFO] [stderr] Cloning into bare repository '/workspace/cache/git-repos/https%3A%2F%2Fgithub.com%2Ffrondeus%2FAES-Bruteforce'...
[INFO] running `Command { std: "git" "rev-parse" "HEAD", kill_on_drop: false }`
[INFO] [stdout] ed5f7185bcf175250881f04e66be0fdd06abb804
[INFO] checking frondeus/AES-Bruteforce against try#72f88fc4e9458f89516a0b8b0868f3718aec5b47 for pr-74989
[INFO] running `Command { std: "git" "clone" "/workspace/cache/git-repos/https%3A%2F%2Fgithub.com%2Ffrondeus%2FAES-Bruteforce" "/workspace/builds/worker-6/source", kill_on_drop: false }`
[INFO] [stderr] Cloning into '/workspace/builds/worker-6/source'...
[INFO] [stderr] done.
[INFO] validating manifest of git repo https://github.com/frondeus/AES-Bruteforce on toolchain 72f88fc4e9458f89516a0b8b0868f3718aec5b47
[INFO] running `Command { std: "/workspace/cargo-home/bin/cargo" "+72f88fc4e9458f89516a0b8b0868f3718aec5b47" "read-manifest" "--manifest-path" "Cargo.toml", kill_on_drop: false }`
[INFO] started tweaking git repo https://github.com/frondeus/AES-Bruteforce
[INFO] finished tweaking git repo https://github.com/frondeus/AES-Bruteforce
[INFO] tweaked toml for git repo https://github.com/frondeus/AES-Bruteforce written to /workspace/builds/worker-6/source/Cargo.toml
[INFO] crate git repo https://github.com/frondeus/AES-Bruteforce already has a lockfile, it will not be regenerated
[INFO] running `Command { std: "/workspace/cargo-home/bin/cargo" "+72f88fc4e9458f89516a0b8b0868f3718aec5b47" "fetch" "--locked" "--manifest-path" "Cargo.toml", kill_on_drop: false }`
[INFO] [stderr]     Blocking waiting for file lock on package cache
[INFO] [stderr] error: the lock file /workspace/builds/worker-6/source/Cargo.lock needs to be updated but --locked was passed to prevent this
[INFO] [stderr] If you want to try to generate the lock file without accessing the network, use the --offline flag.
[INFO] the lockfile is outdated, regenerating it
[INFO] running `Command { std: "/workspace/cargo-home/bin/cargo" "+72f88fc4e9458f89516a0b8b0868f3718aec5b47" "generate-lockfile" "--manifest-path" "Cargo.toml" "-Zno-index-update", kill_on_drop: false }`
[INFO] [stderr]     Blocking waiting for file lock on package cache
[INFO] running `Command { std: "/workspace/cargo-home/bin/cargo" "+72f88fc4e9458f89516a0b8b0868f3718aec5b47" "fetch" "--locked" "--manifest-path" "Cargo.toml", kill_on_drop: false }`
[INFO] [stderr]     Blocking waiting for file lock on package cache
[INFO] running `Command { std: "docker" "create" "-v" "/var/lib/crater-agent-workspace/builds/worker-6/target:/opt/rustwide/target:rw,Z" "-v" "/var/lib/crater-agent-workspace/builds/worker-6/source:/opt/rustwide/workdir:ro,Z" "-v" "/var/lib/crater-agent-workspace/cargo-home:/opt/rustwide/cargo-home:ro,Z" "-v" "/var/lib/crater-agent-workspace/rustup-home:/opt/rustwide/rustup-home:ro,Z" "-e" "SOURCE_DIR=/opt/rustwide/workdir" "-e" "CARGO_TARGET_DIR=/opt/rustwide/target" "-e" "CARGO_HOME=/opt/rustwide/cargo-home" "-e" "RUSTUP_HOME=/opt/rustwide/rustup-home" "-w" "/opt/rustwide/workdir" "-m" "1610612736" "--user" "0:0" "--network" "none" "rustops/crates-build-env@sha256:d92eaeed33fa75130ca1ee6c8a01d1ffb62bac859dfdfb3450e3e5d1c0146529" "/opt/rustwide/cargo-home/bin/cargo" "+72f88fc4e9458f89516a0b8b0868f3718aec5b47" "metadata" "--no-deps" "--format-version=1", kill_on_drop: false }`
[INFO] [stdout] 68cc083f61671450bd7bf3c12aad6776ae64b8decb4defcb5171cdec8380a701
[INFO] [stderr] WARNING: Your kernel does not support swap limit capabilities or the cgroup is not mounted. Memory limited without swap.
[INFO] running `Command { std: "docker" "start" "-a" "68cc083f61671450bd7bf3c12aad6776ae64b8decb4defcb5171cdec8380a701", kill_on_drop: false }`
[INFO] running `Command { std: "docker" "inspect" "68cc083f61671450bd7bf3c12aad6776ae64b8decb4defcb5171cdec8380a701", kill_on_drop: false }`
[INFO] running `Command { std: "docker" "rm" "-f" "68cc083f61671450bd7bf3c12aad6776ae64b8decb4defcb5171cdec8380a701", kill_on_drop: false }`
[INFO] [stdout] 68cc083f61671450bd7bf3c12aad6776ae64b8decb4defcb5171cdec8380a701
[INFO] running `Command { std: "docker" "create" "-v" "/var/lib/crater-agent-workspace/builds/worker-6/target:/opt/rustwide/target:rw,Z" "-v" "/var/lib/crater-agent-workspace/builds/worker-6/source:/opt/rustwide/workdir:ro,Z" "-v" "/var/lib/crater-agent-workspace/cargo-home:/opt/rustwide/cargo-home:ro,Z" "-v" "/var/lib/crater-agent-workspace/rustup-home:/opt/rustwide/rustup-home:ro,Z" "-e" "SOURCE_DIR=/opt/rustwide/workdir" "-e" "CARGO_TARGET_DIR=/opt/rustwide/target" "-e" "CARGO_INCREMENTAL=0" "-e" "RUST_BACKTRACE=full" "-e" "RUSTFLAGS=--cap-lints=forbid" "-e" "CARGO_HOME=/opt/rustwide/cargo-home" "-e" "RUSTUP_HOME=/opt/rustwide/rustup-home" "-w" "/opt/rustwide/workdir" "-m" "1610612736" "--user" "0:0" "--network" "none" "rustops/crates-build-env@sha256:d92eaeed33fa75130ca1ee6c8a01d1ffb62bac859dfdfb3450e3e5d1c0146529" "/opt/rustwide/cargo-home/bin/cargo" "+72f88fc4e9458f89516a0b8b0868f3718aec5b47" "check" "--frozen" "--all" "--all-targets" "--message-format=json", kill_on_drop: false }`
[INFO] [stdout] 8fc0c76fed7781abea333edb92611a7408ccb673a842234220bc7e35aab2a673
[INFO] [stderr] WARNING: Your kernel does not support swap limit capabilities or the cgroup is not mounted. Memory limited without swap.
[INFO] running `Command { std: "docker" "start" "-a" "8fc0c76fed7781abea333edb92611a7408ccb673a842234220bc7e35aab2a673", kill_on_drop: false }`
[INFO] [stderr]     Blocking waiting for file lock on package cache
[INFO] [stderr]    Compiling cc v1.0.59
[INFO] [stderr]    Compiling pkg-config v0.3.18
[INFO] [stderr]    Compiling libc v0.2.77
[INFO] [stderr]     Checking foreign-types-shared v0.1.1
[INFO] [stderr]    Compiling openssl v0.10.30
[INFO] [stderr]     Checking rustc-serialize v0.3.24
[INFO] [stderr]    Compiling num-traits v0.2.12
[INFO] [stderr]    Compiling num-integer v0.1.43
[INFO] [stderr]    Compiling num-bigint v0.3.0
[INFO] [stderr]    Compiling num-iter v0.1.41
[INFO] [stderr]    Compiling num-rational v0.3.0
[INFO] [stderr]     Checking foreign-types v0.3.2
[INFO] [stderr]     Checking time v0.1.44
[INFO] [stderr]    Compiling openssl-sys v0.9.58
[INFO] [stderr]     Checking num-complex v0.3.0
[INFO] [stderr]     Checking num v0.3.0
[INFO] [stderr]     Checking test2 v0.1.0 (/opt/rustwide/workdir)
[INFO] [stdout] error[E0433]: failed to resolve: could not find `crypto` in `openssl`
[INFO] [stdout]   --> src/main.rs:11:14
[INFO] [stdout]    |
[INFO] [stdout] 11 | use openssl::crypto::symm::{Type, decrypt};
[INFO] [stdout]    |              ^^^^^^ could not find `crypto` in `openssl`
[INFO] [stdout] 
[INFO] [stdout] 
[INFO] [stdout] error[E0432]: unresolved import `data_encoding::base64`
[INFO] [stdout]   --> src/main.rs:10:5
[INFO] [stdout]    |
[INFO] [stdout] 10 | use data_encoding::base64;
[INFO] [stdout]    |     ^^^^^^^^^^^^^^^^^^^^^ no `base64` in the root
[INFO] [stdout] 
[INFO] [stdout] 
[INFO] [stdout] error[E0433]: failed to resolve: could not find `crypto` in `openssl`
[INFO] [stdout]   --> src/main.rs:11:14
[INFO] [stdout]    |
[INFO] [stdout] 11 | use openssl::crypto::symm::{Type, decrypt};
[INFO] [stdout]    |              ^^^^^^ could not find `crypto` in `openssl`
[INFO] [stdout] 
[INFO] [stdout] 
[INFO] [stdout] error[E0432]: unresolved import `data_encoding::base64`
[INFO] [stdout]   --> src/main.rs:10:5
[INFO] [stdout]    |
[INFO] [stdout] 10 | use data_encoding::base64;
[INFO] [stdout]    |     ^^^^^^^^^^^^^^^^^^^^^ no `base64` in the root
[INFO] [stdout] 
[INFO] [stdout] 
[INFO] [stdout] error[E0433]: failed to resolve: use of undeclared type or module `Type`
[INFO] [stdout]   --> src/main.rs:38:30
[INFO] [stdout]    |
[INFO] [stdout] 38 |         let output = decrypt(Type::AES_256_CBC, &_key, Some(iv), input);
[INFO] [stdout]    |                              ^^^^ use of undeclared type or module `Type`
[INFO] [stdout] 
[INFO] [stdout] 
[INFO] [stdout] error[E0425]: cannot find function `decrypt` in this scope
[INFO] [stdout]   --> src/main.rs:38:22
[INFO] [stdout]    |
[INFO] [stdout] 38 |         let output = decrypt(Type::AES_256_CBC, &_key, Some(iv), input);
[INFO] [stdout]    |                      ^^^^^^^ not found in this scope
[INFO] [stdout]    |
[INFO] [stdout] help: consider importing this function
[INFO] [stdout]    |
[INFO] [stdout] 10 | use openssl::symm::decrypt;
[INFO] [stdout]    |
[INFO] [stdout] 
[INFO] [stdout] 
[INFO] [stdout] warning: unused import: `ToHex`
[INFO] [stdout]   --> src/main.rs:12:37
[INFO] [stdout]    |
[INFO] [stdout] 12 | use rustc_serialize::hex::{FromHex, ToHex};
[INFO] [stdout]    |                                     ^^^^^
[INFO] [stdout]    |
[INFO] [stdout]    = note: `#[warn(unused_imports)]` on by default
[INFO] [stdout] 
[INFO] [stdout] 
[INFO] [stdout] warning: unused imports: `BigEndian`, `WriteBytesExt`
[INFO] [stdout]   --> src/main.rs:14:17
[INFO] [stdout]    |
[INFO] [stdout] 14 | use byteorder::{BigEndian, WriteBytesExt};
[INFO] [stdout]    |                 ^^^^^^^^^  ^^^^^^^^^^^^^
[INFO] [stdout] 
[INFO] [stdout] 
[INFO] [stdout] warning: unused import: `std::env`
[INFO] [stdout]   --> src/main.rs:19:5
[INFO] [stdout]    |
[INFO] [stdout] 19 | use std::env;
[INFO] [stdout]    |     ^^^^^^^^
[INFO] [stdout] 
[INFO] [stdout] 
[INFO] [stdout] error[E0433]: failed to resolve: use of undeclared type or module `Type`
[INFO] [stdout]   --> src/main.rs:38:30
[INFO] [stdout]    |
[INFO] [stdout] 38 |         let output = decrypt(Type::AES_256_CBC, &_key, Some(iv), input);
[INFO] [stdout]    |                              ^^^^ use of undeclared type or module `Type`
[INFO] [stdout] 
[INFO] [stdout] 
[INFO] [stdout] error[E0425]: cannot find function `decrypt` in this scope
[INFO] [stdout]   --> src/main.rs:38:22
[INFO] [stdout]    |
[INFO] [stdout] 38 |         let output = decrypt(Type::AES_256_CBC, &_key, Some(iv), input);
[INFO] [stdout]    |                      ^^^^^^^ not found in this scope
[INFO] [stdout]    |
[INFO] [stdout] help: consider importing this function
[INFO] [stdout]    |
[INFO] [stdout] 10 | use openssl::symm::decrypt;
[INFO] [stdout]    |
[INFO] [stdout] 
[INFO] [stdout] 
[INFO] [stdout] warning: unused import: `ToHex`
[INFO] [stdout]   --> src/main.rs:12:37
[INFO] [stdout]    |
[INFO] [stdout] 12 | use rustc_serialize::hex::{FromHex, ToHex};
[INFO] [stdout]    |                                     ^^^^^
[INFO] [stdout]    |
[INFO] [stdout]    = note: `#[warn(unused_imports)]` on by default
[INFO] [stdout] 
[INFO] [stdout] 
[INFO] [stdout] warning: unused imports: `BigEndian`, `WriteBytesExt`
[INFO] [stdout]   --> src/main.rs:14:17
[INFO] [stdout]    |
[INFO] [stdout] 14 | use byteorder::{BigEndian, WriteBytesExt};
[INFO] [stdout]    |                 ^^^^^^^^^  ^^^^^^^^^^^^^
[INFO] [stdout] 
[INFO] [stdout] 
[INFO] [stdout] warning: unused import: `std::env`
[INFO] [stdout]   --> src/main.rs:19:5
[INFO] [stdout]    |
[INFO] [stdout] 19 | use std::env;
[INFO] [stdout]    |     ^^^^^^^^
[INFO] [stdout] 
[INFO] [stdout] 
[INFO] [stdout] error: aborting due to 4 previous errors; 3 warnings emitted
[INFO] [stdout] 
[INFO] [stdout] 
[INFO] [stdout] Some errors have detailed explanations: E0425, E0432, E0433.
[INFO] [stdout] 
[INFO] [stdout] For more information about an error, try `rustc --explain E0425`.
[INFO] [stdout] 
[INFO] [stderr] error: could not compile `test2`.
[INFO] [stderr] 
[INFO] [stderr] To learn more, run the command again with --verbose.
[INFO] [stderr] warning: build failed, waiting for other jobs to finish...
[INFO] [stdout] error: aborting due to 4 previous errors; 3 warnings emitted
[INFO] [stdout] 
[INFO] [stdout] 
[INFO] [stderr] error: build failed
[INFO] [stdout] Some errors have detailed explanations: E0425, E0432, E0433.
[INFO] [stdout] 
[INFO] [stdout] For more information about an error, try `rustc --explain E0425`.
[INFO] [stdout] 
[INFO] running `Command { std: "docker" "inspect" "8fc0c76fed7781abea333edb92611a7408ccb673a842234220bc7e35aab2a673", kill_on_drop: false }`
[INFO] running `Command { std: "docker" "rm" "-f" "8fc0c76fed7781abea333edb92611a7408ccb673a842234220bc7e35aab2a673", kill_on_drop: false }`
[INFO] [stdout] 8fc0c76fed7781abea333edb92611a7408ccb673a842234220bc7e35aab2a673
